 (-10)/55 + q/22. What is the tens digit of -28*s*1/(-4)?
1
Let y be (-2)/(-4) - 22/4. Suppose -6*d + 22 + 38 = 0. Let c = d - y. What is the units digit of c?
5
Suppose 4*g + 203 = -281. Let m = 184 + -266. Let b = m - g. What is the units digit of b?
9
Let s(j) = -j**2 - 8*j + 6. Let d be s(-12). Let z = 156 - d. What is the hundreds digit of z?
1
Let y be (-16)/32 - (-22)/4. Let s = y - 59. Let c = -29 - s. What is the tens digit of c?
2
Let g(o) = -47*o - 6. Let y be g(-3). Let h = y + -87. Suppose h = 4*b - b. What is the units digit of b?
6
Suppose 0 = 12*j + 1096 - 5284. What is the units digit of j?
9
Let k = 82 - 81. What is the units digit of k?
1
Suppose 715 = 5*c + 4*j, 3*c + 4*j = 402 + 35. What is the tens digit of c?
3
Let q = -62 - -65. Suppose 4*a = 2*a + q*b + 33, -85 = -5*a + 5*b. What is the tens digit of a?
1
Let s = 1593 + -1058. What is the hundreds digit of s?
5
Let j = 51 + -11. Let u = 51 - j. What is the tens digit of u?
1
Let f = 109 - 64. Let c be 4*(f/20 + -1). Suppose 0*q - c*i = -q + 52, -5*q + 230 = 5*i. What is the tens digit of q?
4
What is the hundreds digit of (382 - 370)*263*(-2)/(-8)?
7
Let p = -23 + 23. Suppose p = 5*r - r - 252. What is the units digit of r?
3
Suppose 3*u + 0*u + 537 = 0. Let j = u - -291. Suppose 5*r - j = -12. What is the units digit of r?
0
What is the hundreds digit of 4*(-3 - (-10102)/8)?
0
Suppose -5*z - w - 3*w = -1, 3*z + 4*w - 7 = 0. What is the hundreds digit of 2 + (122 - -1) - z?
1
Suppose -6*b = -5*b - 388. What is the hundreds digit of b?
3
Let p(x) = 3*x + 0*x**2 + x**2 - 5 + 0*x**2. Let o be p(-5). Suppose -3*l + o*l = 44. What is the tens digit of l?
2
Suppose 0 = m + 16 - 21. Suppose m*v + 4*t - 336 = -55, -4*t = 4*v - 224. Suppose 4*l + 3*d = v, 6*l - l + d - 63 = 0. What is the units digit of l?
2
Let b = -94 - -27. Let n = -21 - b. What is the units digit of n?
6
Let p = -983 + 1261. What is the units digit of p?
8
Let n(k) = 2*k**3 - 11*k**2 - 4*k - 8. Let v be n(8). Suppose -4*u = 3*l - 440, -5*l - 5*u - v = -1015. What is the tens digit of l?
4
Let h be 8/(-4) + 132 - 1. Let k = h + -77. What is the tens digit of k?
5
Let t(z) = -3*z**3 - z**2 - z - 1. Suppose c = -5*b - 11, -c - c = 4*b + 4. What is the units digit of t(b)?
4
Let a(f) = 5*f**3 - f + 4. Let k = 19 + -17. What is the tens digit of a(k)?
4
Let i(t) = t**2 - 6*t - 6. Let q be i(6). What is the tens digit of q/(-21) + (-236)/(-7)?
3
Let s = -54 + 57. Let u = 56 + -26. Suppose c = s + u. What is the tens digit of c?
3
Let x(k) = 132*k**2 - 17*k + 51. What is the thousands digit of x(4)?
2
Suppose -85 = -5*k + 3*q + 27, -3*k = q - 70. Let i = 26 - k. Suppose 6*d - i*d = 132. What is the units digit of d?
4
Suppose c - 3*q - 439 = 0, 3*c - 2*q - 1557 = -240. What is the tens digit of c?
3
Suppose 0 = 131*q - 136*q. Suppose h - 7 + q = 0. What is the units digit of h?
7
Suppose 4*l = -3*z + 1837, 102*z = -2*l + 99*z + 923. What is the units digit of l?
7
Let r(z) = 5*z**3 + 4*z**2 - 7*z. Let s(u) = -u**3. Let t(y) = r(y) + 4*s(y). Let m be t(-6). What is the tens digit of m*1*(2 + -3)?
3
Suppose 0 = -2*n + 2*q + 9 - 3, 4*n = -2*q + 30. Suppose -4*x + o + 7 = 0, 3*x - 8 - n = -o. What is the tens digit of (x/(-6))/(1/(-56))?
2
Let y be -5 + -19 - (0 + -1). Let i = y + 49. Suppose r - i = -0*r. What is the tens digit of r?
2
Suppose -4*a - 10 + 102 = -2*n, 0 = 3*a + n - 79. Suppose 0 = -3*j - 2*j + a. Let z(i) = -i + 15. What is the units digit of z(j)?
0
Let u be (12/(-24))/(2/(-332)). Let s = 150 - u. What is the units digit of s?
7
Let z(f) be the first derivative of f**3/3 - 5*f**2/2 + 4*f - 1. Let t be z(4). Suppose t = 5*p - 2*p - 69. What is the units digit of p?
3
Suppose -2*v = -2*a + 990, -v = a + a - 999. What is the tens digit of a?
9
Let v(r) = r**2 - 8*r - 1. Suppose 2 = -m + 11. Let a be v(m). What is the tens digit of (-196)/(-11) - a/(-44)?
1
Suppose q - 2*q + 35 = 0. Suppose 0 = k - 0*k - q. What is the tens digit of k?
3
Let j = 27 + -15. Suppose 8*q - 4*q - j = 0. Suppose -q*g + 6*g = -4*s + 68, -18 = -g + s. What is the tens digit of g?
2
Let z = 3902 - -1527. What is the units digit of z?
9
Let r be 25/(((-2)/(-1))/6). Let u = -28 + r. What is the units digit of u?
7
Suppose -5 = -0*q - q. Suppose q*x + x - 420 = 0. Suppose x = 2*b - 0*b. What is the tens digit of b?
3
Let z be (-2)/(-8) + (-13)/4. Let c(m) = 3*m + 6. Let k be c(z). What is the units digit of k/(-3 + (-48)/(-20))?
5
Let q be ((-64)/(-40))/((-2)/10). Suppose -3*p + n = 5*n + 15, -2*n = -5*p - 25. What is the units digit of (p - q)/(6/8)?
4
What is the tens digit of 10/6*144408/220?
9
Suppose 47 = 6*j + 17. Suppose 3*m - j*m - 33 = -3*u, -m = 2*u - 29. What is the tens digit of u?
1
Let a be 1/(-2 + (-50)/(-24)). What is the tens digit of ((-280)/a)/((-3)/9)?
7
Let z(i) = -i**3 - 4*i**2 - 3*i**3 - 2*i**3 - 4 + 5*i**3. Let o be z(-4). What is the units digit of (-2)/(-1*o/(-8))?
4
Suppose v = -4*j + 19, -3*v - v = 5*j - 10. Suppose 5*b = j*b. Suppose b = -4*z - 3*u + 4*u + 127, 0 = -z + u + 28. What is the units digit of z?
3
Suppose 3*r - 4*r = -34. Let d = r + -24. What is the units digit of d/(-35) - 338/(-7)?
8
Let d(r) be the third derivative of r**6/120 - r**5/60 + r**4/12 + 133*r**3/6 - 37*r**2. What is the units digit of d(0)?
3
Suppose h - 23324 = -16*h. What is the thousands digit of h?
1
Suppose 3*a = 3*z - 906, -z + 4*a = 9*a - 296. What is the hundreds digit of z?
3
Suppose -4604 = 16*r - 23116. What is the hundreds digit of r?
1
Let x = -1 - -9. Let d = -6 + x. Suppose 0 = -2*l + 4, -d*h + 109 = h - l. What is the tens digit of h?
3
Let w = 579 - 415. What is the units digit of w?
4
Suppose 1163 - 4194 = -7*n. What is the units digit of n?
3
Let i(d) = 18*d - d**2 + 7*d**3 - 2*d**2 - 14*d**2 - 23 - 6*d**3. Let p be i(16). Let t = -3 + p. What is the units digit of t?
6
Let a = 19 - 27. Let o = -8 - a. Suppose 3*x - 27 - 6 = o. What is the tens digit of x?
1
Let g = 163 + 243. What is the tens digit of g?
0
Let x = -1618 + 2108. What is the hundreds digit of x?
4
What is the units digit of ((6320/(-30))/1)/(2/(-9))?
8
Suppose q + 5*u - 17 = 0, 7*q = 5*q - u + 7. Suppose -2 = 2*o - 7*k + 3*k, -4*k + 38 = q*o. What is the units digit of o?
9
Let p(l) = 2 + 0 + l + 3 - 9. What is the units digit of p(10)?
6
Let s = 35 + -45. Let h = 11 + s. What is the tens digit of (-3 + h/3)*-27?
7
Suppose -a - 24 = -5*a. Let o = -40 + 44. Let k = a - o. What is the units digit of k?
2
Let h be ((-208)/(-65))/((-4)/(-70)). Let f be 1/(-4) - (-3934)/h. Let u = 106 - f. What is the tens digit of u?
3
Suppose 4 = 3*w + 16. Let s(v) = v**2 - 9*v - 14. What is the tens digit of s(w)?
3
What is the units digit of 911/2 - 38/76?
5
Suppose 3*j = -3, 2*g = -g + 4*j + 7. Let w(l) = 6*l**3 + l - 2. Let h be w(g). Suppose -3*k = -c - 100 - 75, 3*k - 191 = h*c. What is the units digit of k?
7
Suppose 83*g - 2315 = 78*g. What is the tens digit of g?
6
Suppose -5*w - 10821 = -4*h, 4*h = -28*w + 24*w + 10812. What is the units digit of h?
4
Let t = 10 - 9. What is the units digit of 92 + (-5 - -1) + t*3?
1
Let p(o) = o**3 - 2*o**2 - 5*o. Let d be p(4). Let x be (-2)/4 - 30/d. Let r = x + 6. What is the units digit of r?
3
Suppose -9*s + 2146 = 2*c - 4*s, -3*c - s = -3219. What is the hundreds digit of c?
0
Suppose -2*i + 1 = -33. Let p = 330 - 336. Let t = i - p. What is the units digit of t?
3
Let b = 6 - 6. Suppose 0 = 5*a - k + 42, -a - k - 2*k - 18 = b. What is the tens digit of (0 - a)/((-12)/(-16))?
1
Let j = 117 - 112. Suppose -581 = -j*r + i, 4*i - 121 = -r + 3*i. What is the units digit of r?
7
Suppose 2*v - 6 = 5*l, 3 = 2*v + 3*l - 3. Suppose -3*t + 11 = -2*y, -y + 8 = v*y. What is the units digit of (-28)/(-5) - (-2)/t?
6
Suppose 13*s - 5*v + 640 = 16*s, -3*v - 433 = -2*s. What is the tens digit of s?
1
Let q(u) = 2*u**2 + 10*u + 20. Let l be q(-6). Let f = l + -32. Let x(t) = 2*t + 3. What is the units digit of x(f)?
3
Let w(z) = -z**3 + 2*z**2 + 627. What is the hundreds digit of w(0)?
6
Let p(m) = m**2 - 2*m. Let j(t) = 29*t**3 - t**2 + 3*t - 4. Let d(y) = -j(y) - 3*p(y). What is the tens digit of d(-2)?
2
Let l(s) = -s**2 - 32*s + 256. Let h be l(-37). Let d = 63 + -96. Let k = d + h. What is the tens digit of k?
3
Suppos